*c + 52. Determine k(-10).
-68
Let n(r) = -r**2 - 13*r + 12. What is n(-14)?
-2
Let n(s) = s**2 + 2*s - 19. What is n(0)?
-19
Let b(d) = d**2 - 2. Give b(-2).
2
Let a(o) = 7*o + 11. Determine a(-2).
-3
Let w(k) = -k - 4. Calculate w(2).
-6
Let t(j) = -3*j**2 + 2*j + 4. Determine t(3).
-17
Let j(n) = -n**3 - 2*n**2 + 10. Calculate j(2).
-6
Let a(q) = q**3 + 7*q**2 - 47*q + 13. Determine a(4).
1
Let p(z) = -z**3 - 8*z**2 - 2*z + 4. Determine p(-8).
20
Let m(a) = a**3 - 5*a**2 + 6*a - 7. Calculate m(3).
-7
Let r(n) = 31*n - 10. Calculate r(1).
21
Let u(i) = i - 50. Determine u(4).
-46
Let u(d) = -d**2 + 6*d - 2. Determine u(2).
6
Let v(d) = d**2 - 14. Calculate v(10).
86
Let n(z) = -z**2 + 2*z + 30. Give n(0).
30
Let g(q) = -q**2 + 3*q + 85. Give g(11).
-3
Let l(p) = -p + 28. What is l(27)?
1
Let c(j) = j**3 + 13*j**2 - 13*j - 3. Calculate c(-14).
-17
Let x(o) = -o**3 + 7*o**2 + 10*o - 19. Determine x(8).
-3
Let i(s) = -s**3 + 9*s**2 + 4*s - 128. What is i(7)?
-2
Let i(g) = -g**2 - 19*g + 31. Determine i(-21).
-11
Let v(o) = 38*o - 260. Determine v(7).
6
Let i(f) = -6*f + 56. Give i(10).
-4
Let u(w) = -w**2 + 5. What is u(0)?
5
Let c(o) = o**3 + 9*o**2 + 6*o - 10. What is c(-8)?
6
Let j(n) = -11*n - 232. Determine j(-22).
10
Let g(f) = f**2 + 7*f + 2. Calculate g(-5).
-8
Let h(z) = 2*z**2 - 13*z + 14. Calculate h(4).
-6
Let j(z) = -z**3 - 13*z**2 - 30*z - 8. What is j(-10)?
-8
Let g(d) = 4*d**2 - 5*d - 5. Give g(-1).
4
Let l(j) = -j**3 + 14*j**2 - 31*j - 20. Give l(11).
2
Let w(y) = -2*y**2 - 3*y + 9. Determine w(2).
-5
Let j(a) = a**3 + 3*a**2 + 3*a + 5. What is j(-2)?
3
Let d(b) = -24*b - 16. What is d(-1)?
8
Let y(g) = 2*g**2 + 50*g + 11. Calculate y(-25).
11
Let g(m) = -2*m**3 - 2*m - 1. What is g(-1)?
3
Let h(n) = 3*n + 35. Give h(-10).
5
Let n(a) = a**3 - 14*a**2 - a + 9. Give n(14).
-5
Let i(b) = -b**3 + 34*b**2 + 36*b - 32. Calculate i(35).
3
Let a(h) = 2*h**3 - 3*h**2 + 7*h - 10. Calculate a(3).
38
Let k(p) = -p**2 - 8*p + 4. Give k(-10).
-16
Let c(f) = -f**2 + 7*f - 22. Determine c(9).
-40
Let k(z) = -2*z**3 + 5*z**2 + 12*z - 27. What is k(2)?
1
Let x(a) = -2*a**3 + 5*a**2 - 8*a + 7. What is x(2)?
-5
Let c(j) = 4*j**2. What is c(-1)?
4
Let s(z) = 2*z - 40. Calculate s(15).
-10
Let b(q) = q - 5. Give b(16).
11
Let d(m) = m**3 - 9*m**2 + 9*m - 4. Give d(7).
-39
Let v(b) = -2*b**2 - 4*b - 3. What is v(-2)?
-3
Let x(u) = u**3 - 12*u**2 - 5*u + 2. Give x(12).
-58
Let n(j) = -2*j**2 - 15*j + 1. Give n(-6).
19
Let x(d) = d + 30. Determine x(-23).
7
Let d(z) = 5*z + 135. Calculate d(-25).
10
Let u(n) = -n**2 + 12*n + 5. Determine u(6).
41
Let h(d) = -9*d - 31. Give h(-3).
-4
Let t(n) = 4*n**2 - 11*n - 6. Determine t(3).
-3
Let p(y) = -y + 4. Determine p(-13).
17
Let b(m) = m**3 - 19*m**2 - m - 3. Calculate b(19).
-22
Let u(n) = 43*n + 123. Give u(-3).
-6
Let v(n) = 2*n**2 + 16*n - 4. Give v(-7).
-18
Let j(o) = 4*o**2 - 8*o + 4. Calculate j(5).
64
Let z(i) = i**3 + 7*i**2 + 6*i - 7. What is z(-6)?
-7
Let c(k) = k**2 + 17*k + 11. Give c(-15).
-19
Let n(u) = 5*u + 109. What is n(-21)?
4
Let h(r) = r**3 - 8*r**2 + 9. Calculate h(8).
9
Let x(c) = -c - 2. Give x(6).
-8
Let u(m) = -m**3 - 4*m**2 + 10*m + 27. What is u(-5)?
2
Let f(n) = 2*n**2 - 26*n + 87. Determine f(7).
3
Let g(n) = 7*n**3 + n**2 + 4*n + 3. What is g(-2)?
-57
Let k(o) = -o**3 + 14*o**2 + 32*o - 13. Calculate k(16).
-13
Let k(s) = -s**3 + 22*s**2 + 48*s - 57. Determine k(24).
-57
Let g(m) = m**3 + 4*m**2 + 12. Determine g(-5).
-13
Let x(p) = -p**3 + 33*p**2 + 39*p - 175. What is x(34)?
-5
Let i(x) = -x**3 + x - 1. Give i(1).
-1
Let w(s) = 7*s - 1. What is w(-1)?
-8
Let m(x) = -25*x**2 - 4*x - 3. What is m(-1)?
-24
Let l(y) = y**3 + 12*y**2 - 27*y + 10. Calculate l(-14).
-4
Let p(y) = 3*y + 3. What is p(13)?
42
Let l(i) = -58*i + 115. Calculate l(2).
-1
Let w(x) = -x**2 - 3*x + 1. Determine w(-3).
1
Let c(v) = 2*v**3 - 4*v**2 + v + 1. Determine c(3).
22
Let u(w) = -w**2 - 3*w + 5. Determine u(-6).
-13
Let h(g) = -g**2 + 33*g - 158. Give h(6).
4
Let s(h) = -h**2 + 20*h + 23. Determine s(20).
23
Let l(i) = 2*i + 57. Calculate l(-26).
5
Let y(t) = -t**3 - 9*t**2 - 7*t - 8. Calculate y(-8).
-16
Let o(v) = v**3 + v**2 + 11. Determine o(0).
11
Let w(a) = a**3 - 2*a**2 + 2*a + 2. Give w(2).
6
Let l(n) = -18*n + 7. What is l(-8)?
151
Let c(t) = t**3 + 10*t**2 - 12*t - 27. Give c(-11).
-16
Let v(k) = -k**3 - 13*k**2 - 3*k + 5. Determine v(-13).
44
Let n(q) = 7*q + 35. Determine n(-4).
7
Let c(j) = j + 24. Give c(-16).
8
Let z(f) = -f**3 - 5*f**2 - 9*f + 8. Determine z(-5).
53
Let b(l) = l**3 + 37*l**2 - 119*l + 61. Calculate b(-40).
21
Let z(b) = -2*b**3 - 5*b**2 + 2*b - 5. What is z(-4)?
35
Let l(j) = -7*j + 18. Calculate l(6).
-24
Let n(w) = -2*w**2 + 20*w + 9. Determine n(10).
9
Let h(n) = 17*n**3 - 1. Determine h(1).
16
Let f(m) = m**3 - 3*m**2 + 2*m - 6. Calculate f(3).
0
Let m(b) = -b**2 - 27*b + 13. Determine m(-29).
-45
Let u(k) = -2*k**3 + k**2 + 2*k. What is u(4)?
-104
Let m(c) = c**2 - 8*c + 8. Calculate m(8).
8
Let h(k) = -5*k - 2. What is h(-1)?
3
Let a(p) = 79*p**2 - 1. What is a(1)?
78
Let r(b) = -8*b**2 + b. What is r(-1)?
-9
Let k(c) = 2*c**2 + 13*c + 11. Determine k(-8).
35
Let j(s) = -3*s**2 - 2*s - 2. Determine j(-2).
-10
Let u(i) = -i**3 + 6*i**2 - 6*i + 18. What is u(4)?
26
Let w(q) = -q**2 - 9*q - 8. What is w(-9)?
-8
Let l(d) = -29*d. Give l(-1).
29
Let q(g) = -12*g + 9. Determine q(3).
-27
Let i(w) = 48*w + 1. Determine i(1).
49
Let y(i) = -2*i**2 + i. Determine y(-1).
-3
Let u(y) = -3*y + 15. Calculate u(4).
3
Let i(z) = -3*z**2 - 52*z + 43. What is i(-18)?
7
Let s(v) = -v**3 - 5*v**2 + 14*v - 15. Determine s(-7).
-15
Let d(o) = -o**2 - 11*o - 21. Give d(-9).
-3
Let f(v) = v**3 - 4*v**2 - 7*v + 5. Calculate f(4).
-23
Let w(t) = -t**3 + 6*t**2 - 6*t. What is w(4)?
8
Let y(u) = 4*u - 4. Give y(-17).
-72
Let y(h) = h**3 + 2*h**2 - 10*h - 23. Determine y(-3).
-2
Let w(s) = -s + 37. What is w(-16)?
53
Let d(s) = -s**2 + 5*s + 5. Give d(6).
-1
Let j(s) = -s**3 + 17*s**2 - 18*s + 28. Give j(16).
-4
Let f(a) = -50*a + 1. Give f(1).
-49
Let n(p) = -p**3 + 7*p**2 + 9*p + 1. What is n(8)?
9
Let y(n) = n**2 + 2*n + 35. Calculate y(0).
35
Let j(w) = 2*w + 26. Calculate j(-6).
14
Let d(b) = b**2 + 5*b - 7. Calculate d(-5).
-7
Let y(q) = -5*q - 62. Determine y(15).
-137
Let m(j) = -j**3 + 10*j**2 - 7*j + 4. What is m(9)?
22
Let y(m) = 44*m + 26. Give y(-2).
-62
Let h(w) = w**2 + 3*w - 39. What is h(5)?
1
Let u(c) = -2*c + 3. What is u(3)?
-3
Let f(o) = 15*o + 83. Determine f(-7).
-22
Let v(p) = p**2 - 5*p - 8. Give v(6).
-2
Let j(v) = -3*v**2 + 44*v - 28. Give j(14).
0
Let f(z) = z**3 + 19*z**2 + 36*z + 14. What is f(-17)?
-20
Let o(j) = j**2 + 13*j - 9. What is o(7)?
131
Let i(v) = -7*v - 3. Calculate i(-1).
4
Let i(v) = v**2 - 6*v + 3. What is i(6)?
3
Let j(u) = 3*u + 27. Give j(-8).
3
Let b(p) = -2*p - 14. Determine b(-10).
6
Let g(m) = -9*m + 241. Calculate g(25).
16
Let j(f) = -f**2 + 13*f - 11. Give j(10).
19
Let h(r) = -r**2 - 2*r + 5. What is h(-4)?
-3
Let i(q) = -q**3 - 34*q**2 - 119*q + 35. Calculate i(-30).
5
Let g(v) = -v**2 - 12*v - 10. What is g(-14)?
-38
Let c(m) = -m**2 - 10*m - 20. Determine c(-4).
4
Let v(g) = 11*g + 7. Calculate v(-4).
-37
Let h(w) = w**2 - 6*w + 3. Give h(5).
-2
Let u(n) = n**3 + n**2 + 7*n + 2. Calculate u(-2).
-16
Let q(i) = -i**3 + 3*i**2 + 22*i - 87. Give q(5).
-27
Let x(y) = -y + 53. What is x(22)?
31
Let w(q) = -q**2 + 53*q + 219. Calculate w(-4).
-9
Let k(a) = 2*a**2 - 3*a - 7. Calculate k(2).
-5
Let r(w) = -w**2 - 13*w - 42. Determine r(-9).
-6
Let v(n) = -59*n**3 + 2*n**2 - n - 2. Determine v(-1).
60
Let u(s) = -8*s**2 - 6*s - 3. Give u(-2).
-23
Let a(y) = -14*y - 4. Calculate a(-14).
192
Let w(l) = -l**2 + 7*l + 5. Determine w(7).
5
Let k(p) = -p**3 + 8*p**2 + 15*p - 30. What is k(8)?
90
Let p(b) = 44*b - 49. Determine p(3).
83
Let v(n) = -3*n + 28. Calculate v(-10).
58
Let d(q) = q**2 - 78*q + 437. Determine d(6).
5
Let m(f) = -f**2 - 62*f - 669. What is m(-14)?
3
Let k(w) = -w**3 - 10*w**2 - 6*w + 7. Calculate k(-9).
-20
Let l(q) = -q**3 - 7*q**2 - 6*q - 7. What is l(-5)?
-27
Let p(y) = y**3 + 26*y**2 + 47*y - 26. What is p(-24)?
-2
Let x(p) = p**3 + p**2 + 2*p - 2. What is x(0)?
-2
Let a(s) = -26*s - 6. Give a(-3).
72
Let j(s) = 